ivative of -d**4/4 - 2*d**3/3 + 5*d**2/2 + 1. What is the remainder when (-50)/(-2) - 4/(32/24) is divided by p(-4)?
10
Suppose 3*t - 4*c = 2 + 9, 0 = -t - 4*c + 25. Let z = 27 - 11. Calculate the remainder when z is divided by t.
7
Let j(k) = k**3 - 10*k**2 - 11*k + 13. Let z = 3 - -4. What is the remainder when j(11) is divided by z?
6
Suppose -4*x + 8*x - 110 = -2*h, -5 = 5*h. Suppose -2*w = w. Suppose 0*s + 4*s - 40 = w. What is the remainder when x is divided by s?
8
Let j(b) = 4*b**2 - 1. Let c be j(-1). Suppose -c*h = -0*h - 30. Let u = h + 1. Calculate the remainder when u is divided by 4.
3
Calculate the remainder when (67 + 7)/(2 - 0) is divided by 13.
11
Let i(p) = -49*p + 2. Calculate the remainder when i(-1) is divided by 19.
13
Let a = 71 - 41. What is the remainder when 148 is divided by a?
28
Suppose 63 = 4*y + 3*m, -2*y - m - 3*m = -24. Suppose y = 2*u - 14. What is the remainder when u is divided by 9?
7
Calculate the remainder when 69 is divided by ((-6)/3 - -19) + 1.
15
Let d(v) = v**3 - 6*v**2 + v + 13. Calculate the remainder when d(6) is divided by (0 - 2)*(-5)/2.
4
Suppose -5*y = -49 - 16. What is the remainder when 49 is divided by y?
10
Let f(v) = -2*v. Let s be f(-1). Suppose s*m - 16 - 10 = 0. Suppose 7*x - 4*x = 72. Calculate the remainder when x is divided by m.
11
Suppose 3*y + 3*p = -0*y + 9, -3*y + 9 = -5*p. Suppose y*w - 2 = 2*w. Suppose -w*k - o - 34 = -5*k, 18 = k + 3*o. What is the remainder when 23 is divided by k?
11
Let l = 43 - 32. What is the remainder when 42 is divided by l?
9
Let v(r) = -r**2 - 7*r + 1. Let b be v(-7). Suppose -p + 18 = b. What is the remainder when 32 is divided by p?
15
Let u(n) = n**2 + 0*n**2 + n**2 - n. What is the remainder when 1/3 + (-172)/(-6) is divided by u(-2)?
9
Suppose 0 = 4*i + 8, -4*t - 4*i - i = -58. Calculate the remainder when 84 is divided by t.
16
Let j = -10 + 20. Suppose 0*c = 5*c - 15. Let d(z) = -z**2 + 3*z + 4. What is the remainder when j is divided by d(c)?
2
Suppose 0 = 4*r - r - 2*z - 99, 5*r - 190 = -5*z. What is the remainder when r is divided by 9?
8
Let p(b) = -4*b - 6. Suppose -35 = -h + 5*j, 3*h - 116 - 33 = 4*j. What is the remainder when h is divided by p(-5)?
13
Calculate the remainder when 81 is divided by (-6)/4*1/((-18)/348).
23
Suppose -k - 34 = -2*c - 5, 3*k - 100 = -5*c. What is the remainder when c is divided by ((-6)/(-4))/(6/40)?
7
Let m(n) = -n**3 + 9*n**2 - 5*n + 2. What is the remainder when 153 is divided by m(8)?
23
Let u = -279 - -312. Calculate the remainder when u is divided by 1 + 17 + 1/(-1).
16
Calculate the remainder when (-2*(-4)/(-2))/(-4)*118 is divided by 40.
38
What is the remainder when -1*(-8 + (0 - 2)) is divided by (22 - 15) + -3 + 2?
4
Let o be 174/(-8) + (-9)/(-12). Let w be (-2)/(-6) - (-7)/o. Suppose -2*f + 103 + 27 = w. What is the remainder when f is divided by 17?
14
Let s be (-8)/(-36) + (-56)/9. Let n = 1 - s. Suppose -15 = -8*d + n*d. What is the remainder when 29 is divided by d?
14
Suppose 5*d + q - 305 = -121, 0 = 4*d + q - 148. Suppose 14 + 24 = 2*s. Calculate the remainder when d is divided by s.
17
Suppose 4*x + 5*o = 190, 2*x - o = 104 - 16. Calculate the remainder when x is divided by 24.
21
Let u(c) = -10*c + 6. Let v be u(5). Suppose -2*i = 3*i - 3*n - 67, 2*n - 47 = -5*i. What is the remainder when (v/(-1))/2 - 1 is divided by i?
10
Suppose -3*y + 0*z - 3 = 2*z, 3*y = 3*z - 3. Let k = y + 3. Suppose -5*p = -k*d - 66, -64 = -2*p - 2*p - 4*d. What is the remainder when p is divided by 8?
6
Let k be -4 - -3 - (-6)/2. Suppose -k*t + 0*t = -10. Suppose -t*o + 4*l + 295 = 0, 295 = 3*o + 2*o + 3*l. Calculate the remainder when o is divided by 15.
14
Suppose -4*x + 0*x - 4*i = -664, 0 = -5*x - i + 850. Suppose 2*w = -w + x. What is the remainder when w is divided by 15?
12
Calculate the remainder when -2 - 4/(4/(-13)) is divided by 7.
4
Let f(h) = 6*h - 1. Let m be f(5). Let y = m - 15. Suppose 0*u = u - 40. What is the remainder when u is divided by y?
12
Let x = -17 + 22. What is the remainder when (2 + -1)/((-1)/(-8)) is divided by x?
3
Suppose -84 = -20*g + 18*g. Let z = 8 - -7. Calculate the remainder when g is divided by z.
12
Let i = 35 - 26. Calculate the remainder when 34 is divided by i.
7
Suppose -2*t = -0*t + 5*h - 158, 3*t - h = 220. Let m = -11 - -30. What is the remainder when t is divided by m?
17
Let o(s) = -s**3 + s**2 - s + 35. Let m(p) = 23*p**3 - p**2 - 2*p - 1. Let l be m(-1). Let g = -11 - l. Calculate the remainder when o(0) is divided by g.
11
Calculate the remainder when 134 is divided by (2 + -1)/((-13)/(-221)).
15
Let c = 201 - 104. Calculate the remainder when c is divided by 14.
13
Let x(r) = 2*r**2 - r**3 + 8*r - 1 + 2 + 5 - 7*r**2. Let k be x(-7). Let o = 69 - k. What is the remainder when 61 is divided by o?
19
Let p(t) = 5*t + 2. Let c be p(-2). Let d = -1 + c. Let h = 11 - d. What is the remainder when h is divided by 7?
6
Let s = 7 - 4. Suppose -s*l - 4 = -5*l. Suppose 4*t - 26 = 3*c + 9, -20 = -l*t + 2*c. Calculate the remainder when t is divided by 3.
2
Let h(d) = d**2 + 3*d - 5. Suppose 0 = g + 3 - 1. Calculate the remainder when (-43)/(-5) + g/(-5) is divided by h(-5).
4
Suppose 3*t = -t + 4. Suppose -3*b + t = w - 5*b, 4*w - 10 = 5*b. Calculate the remainder when 13 is divided by 2*2/4*w.
3
Let l = -8 - -34. What is the remainder when 101 is divided by l?
23
Let a(u) = 7*u + 1. Let f be a(4). Let w = -16 + f. Calculate the remainder when 36 is divided by w.
10
Let b(l) = 19*l**3 - l**2 + 1. Let g(a) = 2*a - 1. Let d be g(1). What is the remainder when b(d) is divided by 7?
5
Let y = 299 - 143. Suppose 3*i - 45 = y. Calculate the remainder when i is divided by 23.
21
Suppose -5*g + 32 = t, -3*t = g - 10 - 2. Let l be 1*2*15/g. What is the remainder when l/(-2 - (2 + -5)) is divided by 3?
2
Suppose 0 = -3*s + 22 - 4. Suppose 0*o - 3*o = 0. Let w(g) = -g + 11. What is the remainder when w(o) is divided by s?
5
Suppose 4*u - a + 4 - 38 = 0, 16 = u - 4*a. Calculate the remainder when 14 is divided by u.
6
Suppose -3*t = -3*q + 126, -q + 50 - 12 = -2*t. Let x = q - 26. Suppose -o = -x - 4. What is the remainder when o is divided by 13?
11
Let o(x) be the second derivative of -2*x**3/3 - 2*x**2 + 2*x. Suppose 3*w - w = -8. Calculate the remainder when 34 is divided by o(w).
10
Suppose 15*d - 48 = 11*d. Suppose -d - 218 = -5*v. Calculate the remainder when v is divided by 16.
14
Suppose 8 = -3*r + 7*r. Suppose 8 = -4*k, -r*t + 31 = t - 2*k. Calculate the remainder when t/(-12) + 158/8 is divided by 7.
5
Let s(z) be the second derivative of z**4/3 - z**3/3 - z**2/2 + 3*z. What is the remainder when 37 is divided by s(-2)?
18
Let u(q) = 24*q - 2. Let a(g) = -g**3 + 2*g**2 - 2*g. Let v be a(2). Let b = v - -20. What is the remainder when u(2) is divided by b?
14
Let b be 2/9 - 6926/(-18). Calculate the remainder when 49 is divided by b/15 - (-2)/6.
23
Suppose -f - 4*y - 7 = 0, 0 = -4*f + 5*f + y - 2. Suppose c - 10 = u, -5*c - f*u = 6 - 76. What is the remainder when 23 is divided by c?
11
What is the remainder when 6/2 - -14 - -1 is divided by 6?
0
Let u be (-2)/5 + (-8)/(-20). Suppose u = 5*i - 46 + 11. Suppose 0 = -x - x + 26. Calculate the remainder when x is divided by i.
6
Let p(v) = 8*v + 2. Let d be 222/(-12)*-1*2. Suppose -3*o - 7 + d = 0. What is the remainder when p(2) is divided by o?
8
Suppose -4*f + 359 - 71 = 0. Calculate the remainder when f is divided by 19.
15
Let d = -2 + 16. Let u = -3 + d. Let g(r) = 2*r**2 + 1. What is the remainder when u is divided by g(-1)?
2
Let n(o) = o**2 - 5*o - 7. Let i be n(-3). Suppose 0 = 4*k - 3*a - 86, i = -2*k + 2*a + 59. What is the remainder when 91 is divided by k?
22
Suppose -5*s = 2*n + 4, -s - s - n - 2 = 0. Let m be (s/(2 - -1))/(-2). Suppose -4*b + 13 - 1 = m. Calculate the remainder when b is divided by 3.
0
Suppose -3*k - 157 = 5*z, 6*k = 4*k - 4*z - 106. Calculate the remainder when (-1)/((2/k)/2) is divided by 17.
15
Suppose -5*t = -25 - 0. Calculate the remainder when t is divided by 2.
1
Let i = -10 + 43. What is the remainder when 130 is divided by i?
31
Suppose 2*u - 26 = 6. Let k be -4 + 7 + 1*4. Suppose f = 23 + k. Calculate the remainder when f is divided by u.
14
Let k(v) = v**2 + 2*v + 3. Suppos